{"id":980,"date":"2024-09-10T14:53:20","date_gmt":"2024-09-10T12:53:20","guid":{"rendered":"https:\/\/pp3bogatynia.pl\/?page_id=980"},"modified":"2024-10-07T18:54:31","modified_gmt":"2024-10-07T16:54:31","slug":"standardy-ochrony-maloletnich","status":"publish","type":"page","link":"https:\/\/pp3bogatynia.pl\/index.php\/standardy-ochrony-maloletnich\/","title":{"rendered":"Standardy ochrony ma\u0142oletnich przed krzywdzeniem."},"content":{"rendered":"\n<p><\/p>\n\n\n\n<p>Niniejszy system ochrony dzieci przed krzywdzeniem okre\u015bla procedury interwencji, dzia\u0142ania profilaktyczne, edukacyjne, zasady zapobiegania krzywdzeniu dzieci, a w sytuacji gdy do krzywdzenia dosz\u0142o \u2013 okre\u015bla zasady zmniejszenia rozmiaru jego skutk\u00f3w poprzez prawid\u0142ow\u0105 i efektywn\u0105 pomoc dziecku oraz wskazuje odpowiedzialno\u015b\u0107 os\u00f3b zatrudnionych w Przedszkolu za bezpiecze\u0144stwo dzieci do niego ucz\u0119szczaj\u0105cych.<\/p>\n\n\n\n<p>Niniejsze Standardy Ochrony Ma\u0142oletnich przed krzywdzeniem zosta\u0142y opublikowane na stronie internetowej Przedszkola. S\u0105 szeroko promowane w\u015br\u00f3d ca\u0142ego personelu, rodzic\u00f3w i dzieci. Poszczeg\u00f3lne grupy ma\u0142oletnich s\u0105 z poni\u017cszymi Standardami aktywnie zapoznawane poprzez prowadzone dzia\u0142ania edukacyjne i informacyjne.<\/p>\n\n\n\n<p>Ca\u0142o\u015b\u0107 dokumentu w pliku poni\u017cej.&nbsp;<\/p>\n\n\n\n<div class=\"wp-block-file\"><a id=\"wp-block-file--media-e48515da-e832-4250-8312-4dfad2024dbe\" href=\"https:\/\/pp3bogatynia.pl\/wp-content\/uploads\/2024\/09\/4.-STANDARDY-OCHRONY-MALOLETNICH.docx\">4. STANDARDY OCHRONY MA\u0141OLETNICH<\/a><a href=\"https:\/\/pp3bogatynia.pl\/wp-content\/uploads\/2024\/09\/4.-STANDARDY-OCHRONY-MALOLETNICH.docx\" class=\"wp-block-file__button wp-element-button\" download aria-describedby=\"wp-block-file--media-e48515da-e832-4250-8312-4dfad2024dbe\">Pobierz<\/a><\/div>\n\n\n\n<figure class=\"wp-block-image size-large\"><img fetchpriority=\"high\" decoding=\"async\" width=\"1024\" height=\"774\" src=\"https:\/\/pp3bogatynia.pl\/wp-content\/uploads\/2024\/10\/standardy-1024x774.jpg\" alt=\"\" class=\"wp-image-1019\" srcset=\"https:\/\/pp3bogatynia.pl\/wp-content\/uploads\/2024\/10\/standardy-1024x774.jpg 1024w, https:\/\/pp3bogatynia.pl\/wp-content\/uploads\/2024\/10\/standardy-300x227.jpg 300w, https:\/\/pp3bogatynia.pl\/wp-content\/uploads\/2024\/10\/standardy-768x581.jpg 768w, https:\/\/pp3bogatynia.pl\/wp-content\/uploads\/2024\/10\/standardy.jpg 1428w\" sizes=\"(max-width: 1024px) 100vw, 1024px\" \/><\/figure>\n\n\n\n<figure class=\"wp-block-image size-full\"><img decoding=\"async\" width=\"509\" height=\"720\" src=\"https:\/\/pp3bogatynia.pl\/wp-content\/uploads\/2024\/10\/FB_IMG_1728064547666.jpg\" alt=\"\" class=\"wp-image-1021\" srcset=\"https:\/\/pp3bogatynia.pl\/wp-content\/uploads\/2024\/10\/FB_IMG_1728064547666.jpg 509w, https:\/\/pp3bogatynia.pl\/wp-content\/uploads\/2024\/10\/FB_IMG_1728064547666-212x300.jpg 212w\" sizes=\"(max-width: 509px) 100vw, 509px\" \/><\/figure>\n","protected":false},"excerpt":{"rendered":"<p>Niniejszy system ochrony dzieci przed krzywdzeniem okre\u015bla procedury interwencji, dzia\u0142ania profilaktyczne, edukacyjne, zasady zapobiegania krzywdzeniu dzieci, a w sytuacji gdy do krzywdzenia dosz\u0142o \u2013 okre\u015bla zasady zmniejszenia rozmiaru jego skutk\u00f3w poprzez prawid\u0142ow\u0105 i efektywn\u0105 pomoc dziecku oraz wskazuje odpowiedzialno\u015b\u0107 os\u00f3b zatrudnionych w Przedszkolu za bezpiecze\u0144stwo dzieci do niego ucz\u0119szczaj\u0105cych. Niniejsze Standardy Ochrony Ma\u0142oletnich przed krzywdzeniem [&hellip;]<\/p>\n","protected":false},"author":1,"featured_media":0,"parent":0,"menu_order":0,"comment_status":"closed","ping_status":"closed","template":"","meta":{"footnotes":""},"class_list":["post-980","page","type-page","status-publish","hentry"],"_links":{"self":[{"href":"https:\/\/pp3bogatynia.pl\/index.php\/wp-json\/wp\/v2\/pages\/980","targetHints":{"allow":["GET"]}}],"collection":[{"href":"https:\/\/pp3bogatynia.pl\/index.php\/wp-json\/wp\/v2\/pages"}],"about":[{"href":"https:\/\/pp3bogatynia.pl\/index.php\/wp-json\/wp\/v2\/types\/page"}],"author":[{"embeddable":true,"href":"https:\/\/pp3bogatynia.pl\/index.php\/wp-json\/wp\/v2\/users\/1"}],"replies":[{"embeddable":true,"href":"https:\/\/pp3bogatynia.pl\/index.php\/wp-json\/wp\/v2\/comments?post=980"}],"version-history":[{"count":4,"href":"https:\/\/pp3bogatynia.pl\/index.php\/wp-json\/wp\/v2\/pages\/980\/revisions"}],"predecessor-version":[{"id":1022,"href":"https:\/\/pp3bogatynia.pl\/index.php\/wp-json\/wp\/v2\/pages\/980\/revisions\/1022"}],"wp:attachment":[{"href":"https:\/\/pp3bogatynia.pl\/index.php\/wp-json\/wp\/v2\/media?parent=980"}],"curies":[{"name":"wp","href":"https:\/\/api.w.org\/{rel}","templated":true}]}}